= 2*x - a + 76506. Is x a composite number?
False
Suppose -16*o - 31*o + 37*o + 415370 = 0. Is o a prime number?
False
Suppose -42*z = -0*z + 700872 - 1753266. Is z a composite number?
False
Suppose -i - q + 43418 = 0, 3*i + 29848 = -2*q + 160107. Is i a composite number?
True
Let h be (-2)/18*(28 - 19). Is (6/h - 342/(-54))*6477 a prime number?
False
Let j be -10 + 13 + (1*-1 - 7). Let z(v) = -v**3 - v**2 + v. Let b(l) = 14*l**3 + 3*l**2 - 9*l + 2. Let s(t) = j*z(t) - b(t). Is s(-3) a composite number?
True
Is (23354/(-14))/(11/(-693)*9) composite?
False
Let r = 6687 - -26912. Is r a prime number?
True
Let z = 1085 + -761. Is 54/z + 267905/6 composite?
False
Suppose 324*l - 67*l - 40093799 = 0. Is l a composite number?
False
Is 1/(2/759932)*(-6 + 234/36) prime?
True
Suppose 0 = -a - 3*p + 30041, -4*p = 2*a - 59369 - 705. Is a composite?
False
Let q = -10955 + 19068. Suppose -q = -5*a + 1017. Let k = -507 + a. Is k composite?
False
Let x(i) = -225*i + 695*i - 230*i - 3 - 236*i - 8. Suppose 0 = 2*o - 3*o + 15. Is x(o) composite?
True
Let c(b) = -652*b - 41. Is c(-36) prime?
True
Suppose 4*w + 2194 - 314 = 0. Let b = -75 - w. Is b a prime number?
False
Let o be (-2)/(-4) - (-78988)/56. Suppose -1406*q = -o*q + 70715. Is q a prime number?
True
Suppose -6*v + 498335 = -255379. Suppose -10*b + 49*b = v. Is b a prime number?
True
Is 4304543/37 + 0 + 14 prime?
False
Suppose -4*t + 0*t - 4560 = -4*v, 5*t - 5 = 0. Suppose 6*q + q - v = 0. Is q composite?
False
Let k be 344/(-24) + (-4)/6. Let o be 3*-1 - (-36720)/k. Let g = o + 4604. Is g a prime number?
True
Let f(a) = -7*a + 286. Let g be f(40). Suppose -g*u + 11*u = 2*z + 23907, -5*z = -3*u + 14329. Is u a composite number?
False
Let x(q) = 2*q**2 + 28*q + 695 - 332 - 3*q**3 - 232. Is x(-6) prime?
True
Let b be (6 - 4) + 7*-2. Let p = b - -12. Suppose 86*y - 82*y - 1528 = p. Is y prime?
False
Suppose -33*i - 76*i = -74*i - 1921745. Is i prime?
True
Let z be (-48)/18*(4 - 3)*55644. Is (z/(-80))/(6/15) a composite number?
False
Let o(s) = -5*s**2 - 361*s - 269. Is o(-68) a prime number?
False
Let p be 10/15*(-5562)/6. Let c = 1687 + p. Is c a prime number?
True
Let k(w) = -454*w**2 + 36*w + 107. Let v(r) = -227*r**2 + 18*r + 54. Let l(f) = -6*k(f) + 11*v(f). Is l(-7) a composite number?
True
Let m be 414/92 - (-2)/4. Is (-13)/m + 8/(-20) - -205 a composite number?
True
Let m be 68/3*162/216. Suppose -m*y + 164704 = -y. Is y prime?
False
Suppose 0 = 11*u + 76*u - 426*u + 24103239. Is u a prime number?
False
Let n(c) = -38*c - 5 - 24*c - 204 - 79*c + 19*c. Is n(-38) a composite number?
True
Let l(c) = c**3 + 14*c**2 - 15*c + 11. Let z be l(-15). Let u(k) = 294*k**2 + 5*k + 42. Is u(z) prime?
True
Suppose -6*o + 4815 = 5*c - 3*o, -2889 = -3*c + o. Let a = c + -154. Is a a prime number?
True
Let w = -188 + 167. Is 116706/21 - w/(-49) a prime number?
True
Let a(d) = -1135*d - 112. Let j(v) = -v**3 + 16*v**2 + v - 21. Let t be j(16). Is a(t) a prime number?
True
Suppose -6133 = -21*v - 24823. Let i = 1413 + v. Is i prime?
True
Suppose -36 = -3*u + 5*v, 0 = -3*u - 5*v + 15 + 21. Suppose -5*r + u*r = 5460. Suppose p = -3*j + r, 3*j + 132 = 3*p + 900. Is j prime?
False
Let k(f) = -16 + f**2 + 0*f**2 + 8*f**2 - 6*f - f**3. Let x be k(8). Is 467 - x - 0/(0 - 2) a prime number?
True
Let n(h) = -4*h + 98. Let u be n(23). Suppose 4*v = u*v - 12638. Is v a prime number?
False
Suppose -311*h + 649601 = -268*h. Is h a composite number?
False
Let u = -160 + 716. Let p = u - 263. Is p a prime number?
True
Suppose 5*s = 5, 4*j - 17 = -s - 68. Let x be j - 2/8*0. Let i(k) = -43*k - 6. Is i(x) a composite number?
True
Suppose 3*u + 5290 - 24451 = -4*v, -5*u - 2*v + 31921 = 0. Is u a composite number?
True
Let p = 6735 + -2004. Let l = p + 1568. Is l a composite number?
False
Suppose -20 = -5*z, -2*s = 2*z + 2*z + 10. Let y(w) = -w**3 - 13*w**2 + w + 16. Let k be y(s). Suppose -k*p = -2*p - 161. Is p a composite number?
True
Suppose 4*g - 34 = 5*x, 2*x - 5*x + 4*g - 22 = 0. Suppose -3*o + 4*n - 964 = 0, 5*o + 0*o + 1599 = -n. Is 2/x + o/(-15) a composite number?
True
Let u(b) = 3990*b**3 + 2*b**2 - 7*b + 7. Is u(4) a prime number?
True
Suppose -117*n + 5349225 + 3715645 = -1517195. Is n prime?
False
Let j = 194 + -190. Is -4*(-1361)/j + 0 a prime number?
True
Suppose -1133425 = -24*n - n. Is n prime?
True
Suppose -l + 9253 = -l + 19*l. Is l prime?
True
Suppose 2*w = 4*w + 2*z, 0 = -w + z + 10. Suppose 5*s - 39977 = 4*c, -c + 3*c = -w*s + 39989. Is s a prime number?
False
Suppose -3*g + 34*c - 32*c + 88035 = 0, 2*c + 58692 = 2*g. Is g prime?
False
Suppose 35*v = 26*v + 253197. Suppose -5*g - 48*k = -51*k - 46870, 4*k = 3*g - v. Is g composite?
False
Let i(z) = 12*z + 112. Let g be i(-9). Suppose -5*c = 15, c = -g*k + 4*c + 12821. Is k composite?
False
Is 1065279612/380 - 2/5 composite?
True
Let g = 2329 + 118810. Is g composite?
False
Let k = 743 - 414. Suppose -1188 + k = z. Let t = -420 - z. Is t a prime number?
True
Suppose 6*f = -18*f - 120. Is -3*f/(-60) + 20319/12 composite?
False
Suppose 43*s - 4833611 = 6241426. Is s a prime number?
False
Let s = -46 - -48. Suppose 25 = -5*o, s*i + 3*i - 3875 = o. Suppose 2*a + i = 4*u, 2*u - 7*u - a + 950 = 0. Is u prime?
True
Let s(n) = -13*n**3 - 5*n**2 - 3*n + 16. Let j(h) = 25*h - 5. Let q be j(0). Is s(q) a prime number?
True
Let s = -274 - -1186. Let v = -612 + s. Suppose -v = u - 2243. Is u a prime number?
False
Is (21/84)/(((-28)/(-8) - 3)/18034) prime?
False
Let a(r) = 20*r**2 - 10*r - 80. Let d(n) = 4*n**2 - 2*n - 16. Let l(t) = 2*a(t) - 11*d(t). Let h be l(5). Is -17*2/(h/(-19) - 4) prime?
False
Let n(l) = -8*l**3 + 24*l**2 + 37*l + 6. Let u be n(-16). Is 70/(-315) - u/(-18) a prime number?
True
Let z(k) = 449*k**3 - 178*k**2 + 21*k - 41. Is z(9) a prime number?
False
Let u(l) = 2221*l**2 + 68*l - 627. Is u(8) a composite number?
False
Let v be 2*(69/6 + -6). Suppose 31163 = v*x - 0*x. Is x a prime number?
True
Let h = -19 + 30. Suppose y + h = 14. Is (-827)/(y/(-6)*1) prime?
False
Suppose 2*q - 2*x - 3*x - 52 = 0, 0 = -5*q + 4*x + 96. Let b(v) = -v + 1. Let f(n) = -14*n - 32. Let r(u) = -3*b(u) - f(u). Is r(q) composite?
True
Suppose 4 + 12 = 4*k. Let z be (k - 0) + -1 - -2. Suppose -13 = -2*j + 4*b + 153, -2*b = -z*j + 399. Is j prime?
True
Suppose 0 = -5*c + 15, 2*a + 5*c = -a + 2643. Suppose 7*h = 4*h + a. Let t = 609 - h. Is t composite?
False
Suppose f - 3*h = 50231, -2*f + 100450 = -103*h + 99*h. Is f a prime number?
False
Suppose -5*b - 4*u = -2564793, -4*u + 3159336 = 4*b + 1107508. Is b composite?
True
Let w(d) = 271*d - 5. Suppose -8 = -4*m - o + 4*o, m - 2*o - 2 = 0. Is w(m) a composite number?
True
Let t(w) = 11664*w - 11. Is t(5) a composite number?
False
Suppose 5*w - 660545 = 5*f, -2*w = -2*f + f - 264220. Suppose 0 = 10*k - w + 15121. Is k prime?
True
Let r = 467 + -485. Is (-5184)/r + 15/3 a prime number?
True
Let s(z) = -549*z + 1903. Is s(-56) composite?
False
Let q = 64783 - 36086. Is q composite?
False
Let u(k) = -k**3 - 22*k**2 - 20*k + 10. Let m be u(-21). Let n be -2*(m + 7)*2/4. Is (2 - (-494)/2) + n + -2 composite?
False
Let z(k) = 152*k**2 + 6*k - 17. Let t(q) = -3*q**2 + 1. Let m(h) = 6*t(h) + z(h). Is m(6) composite?
True
Let l be 16/2*50/80. Is l/2*1618 - (52 + -56) a prime number?
True
Suppose -5*z = -48 - 2. Suppose 0 = -5*u + 2*g + 15541, 8*g = -4*u + z*g + 12432. Is u a composite number?
False
Suppose -477*k = -489*k + 1218804. Is k a prime number?
False
Suppose 0*q + 3*q = -2*v + 8, -3*v - 22 = -4*q. Suppose 0 = -3*u + 12, 4*r + 2 = q*u + 10. Is (-4)/r - (3 + 1304/(-3)) prime?
True
Suppose -d = 5*x - 1042046, -52*x - 833639 = -56*x - 3*d. Is x composite?
False
Let b(s) = s**2 - 17*s - 36. Let m be b(19). Suppose -3940 = -g - 3*g + 4*x, 0 = m*g + x - 1970. Is g composite?
True
Suppose 4*h + 15 = 51. Suppose -h*o - 18 = -0*o. Let k(m) = 893*m**2 - 1. Is k(o) prime?
True
Let i(f) = 2951*f**2 - 69*f - 53. Is i(8) prime?
False
Suppose 9*w - 18 = 6*w. Let c be 10*(2 - 9/w). Is (c - 6)/(2/(-892)*2) a composite number?
False
Suppose 5*m = -27*m - 96. Is ((-1567)/m + (-20)/15)*11 a composite number?
True
Let j = 48264 + -31993. Is j composite?
True
Suppose -17 = -6*m + 19. Let k(i) = -i**3 + 27*i**2 - 41*i - 6. Let j be k(23). Is (j/2)/(9/m